{"id":15,"date":"2020-07-20T11:24:28","date_gmt":"2020-07-20T11:24:28","guid":{"rendered":"https:\/\/vodovodcazin.com\/platiracun\/?page_id=15"},"modified":"2020-07-20T11:29:13","modified_gmt":"2020-07-20T11:29:13","slug":"pocetna-stranica","status":"publish","type":"page","link":"https:\/\/vodovodcazin.com\/platiracun\/pocetna-stranica\/","title":{"rendered":"Sigurnost pla\u0107anja kreditnim karticama"},"content":{"rendered":"\n<ul class=\"wp-block-list\"><li><strong>* * Sigurnost pla\u0107anja kreditnim karticama<\/strong><br>Tajnost Va\u0161ih podataka je za\u0161ti\u0107ena i osigurana uporabom SSL enkripcije. Stranice za naplatu putem<br>interneta osigurane su kori\u0161tenjem Secure Socket Layer (SSL) protokola sa 128-bitnom enkripcijom<br>podataka. SSL enkripcija je postupak \u0161ifriranja podataka radi sprje\u010davanja neovla\u0161tenog pristupa<br>prilikom njihovog prijenosa.<br>Time je omogu\u0107en siguran prijenos informacija te onemogu\u0107en nedozvoljen pristup podacima prilikom<br>komunikacije izme\u0111u korisnikovog ra\u010dunala i WebPay servisa, te obratno.<br>WebPay servis i financijske ustanove razmjenjuju podatke uporabom virtualne privatne mre\u017ee (VPN),<br>koja je za\u0161ti\u0107ena od neautoriziranog pristupa.<br>Monri Payment Gateway je certificiran prema PCI DSS Level 1 sigurnosnom standardu propisanom<br>Visa i MasterCard pravilima.<br>Trgovac ne pohranjuje brojeve kreditnih kartica i brojevi nisu dostupni neovla\u0161tenim osobama.<\/li><\/ul>\n\n\n\n<p><\/p>\n\n\n\n<ul class=\"wp-block-list\"><li><strong>* * * Creditcard purchase security statement<\/strong><br>Confidentiality of your information is protected and secured by using SSL encryption. Pages for web<br>payment are secured by using Secure Socket Layer (SSL) protocol with 128-bit data encryption. SSL<br>encryption is a data coding procedure for prevention of unauthorized access during data transfer.<br>This enables a secure data transfer and prevents unauthorized data access during communication<br>between user and Monri WebPay Payment Gateway and vice versa.<br>Monri WebPay Payment Gateway and financial institutions exchange data by using their virtual private<br>network (VPN) which is also protected from unauthorized access.<br>Monri Payments is PCI DSS Level 1 certified payment service provider.<br>Credit card numbers are not stored by Merchant and are not available to unauthorized personnel.<\/li><\/ul>\n\n\n\n<p><\/p>\n","protected":false},"excerpt":{"rendered":"<p>* * Sigurnost pla\u0107anja kreditnim karticamaTajnost Va\u0161ih podataka je za\u0161ti\u0107ena i osigurana uporabom SSL enkripcije. Stranice za naplatu puteminterneta osigurane su kori\u0161tenjem Secure Socket Layer (SSL) protokola sa 128-bitnom enkripcijompodataka. SSL enkripcija je postupak \u0161ifriranja podataka radi sprje\u010davanja neovla\u0161tenog pristupaprilikom njihovog prijenosa.Time je omogu\u0107en siguran prijenos informacija te onemogu\u0107en nedozvoljen pristup podacima prilikomkomunikacije izme\u0111u korisnikovog [&hellip;]<\/p>\n","protected":false},"author":1,"featured_media":0,"parent":0,"menu_order":0,"comment_status":"closed","ping_status":"closed","template":"template-fullwidth.php","meta":{"footnotes":""},"class_list":["post-15","page","type-page","status-publish","hentry"],"_links":{"self":[{"href":"https:\/\/vodovodcazin.com\/platiracun\/wp-json\/wp\/v2\/pages\/15","targetHints":{"allow":["GET"]}}],"collection":[{"href":"https:\/\/vodovodcazin.com\/platiracun\/wp-json\/wp\/v2\/pages"}],"about":[{"href":"https:\/\/vodovodcazin.com\/platiracun\/wp-json\/wp\/v2\/types\/page"}],"author":[{"embeddable":true,"href":"https:\/\/vodovodcazin.com\/platiracun\/wp-json\/wp\/v2\/users\/1"}],"replies":[{"embeddable":true,"href":"https:\/\/vodovodcazin.com\/platiracun\/wp-json\/wp\/v2\/comments?post=15"}],"version-history":[{"count":2,"href":"https:\/\/vodovodcazin.com\/platiracun\/wp-json\/wp\/v2\/pages\/15\/revisions"}],"predecessor-version":[{"id":22,"href":"https:\/\/vodovodcazin.com\/platiracun\/wp-json\/wp\/v2\/pages\/15\/revisions\/22"}],"wp:attachment":[{"href":"https:\/\/vodovodcazin.com\/platiracun\/wp-json\/wp\/v2\/media?parent=15"}],"curies":[{"name":"wp","href":"https:\/\/api.w.org\/{rel}","templated":true}]}}